se 12) to base 8.
-7307
16b (base 14) to base 16
123
Convert -14241 (base 5) to base 11.
-998
-6f66 (base 16) to base 13
-cc99
Convert 211203 (base 6) to base 13.
7a55
203132 (base 4) to base 14
b82
What is 1000100110 (base 2) in base 11?
460
What is 422025 (base 6) in base 4?
20111201
Convert -227132 (base 8) to base 2.
-10010111001011010
What is 6797 (base 15) in base 10?
21967
Convert 4395 (base 12) to base 8.
16441
Convert -3650 (base 8) to base 12.
-1174
What is 121010012 (base 3) in base 15?
3735
-611 (base 12) to base 2
-1101101101
11522 (base 6) to base 4
122222
What is -121103 (base 4) in base 6?
-11255
What is -25e (base 15) in base 16?
-21b
What is -340 (base 13) in base 2?
-1000101111
What is -602e (base 15) in base 6?
-233542
-2211022 (base 3) to base 15
-925
-1402441 (base 6) to base 2
-10011001000011001
-11c04 (base 16) to base 10
-72708
-10001000010000 (base 2) to base 4
-2020100
What is -4470 (base 8) in base 9?
-3212
-67a (base 12) to base 6
-4234
Convert 20442 (base 5) to base 14.
700
Convert 11 (base 10) to base 11.
10
11878 (base 9) to base 4
1331021
What is 6544 (base 7) in base 14?
bcb
Convert 16129 (base 10) to base 9.
24111
-2200 (base 4) to base 2
-10100000
What is 3db1 (base 15) in base 13?
6028
-5242 (base 7) to base 9
-2467
-a6c8 (base 13) to base 9
-34670
What is 7414 (base 16) in base 13?
106ab
What is -1210202212 (base 3) in base 10?
-35555
Convert -211 (base 8) to base 12.
-b5
12330003 (base 4) to base 10
28419
What is b397 (base 13) in base 6?
310450
Convert -1000000110 (base 2) to base 3.
-201012
-1d5 (base 16) to base 5
-3334
What is 878 (base 15) in base 5?
30123
4421 (base 10) to base 12
2685
Convert 335 (base 10) to base 3.
110102
What is 283 (base 11) in base 3?
110100
Convert -100021100 (base 3) to base 14.
-266b
-4454 (base 6) to base 15
-497
-11010101 (base 2) to base 16
-d5
8 (base 15) to base 16
8
1104 (base 8) to base 16
244
What is -246 (base 11) in base 2?
-100100100
What is 10b2a (base 12) in base 4?
11131102
Convert 288c (base 14) to base 12.
41a4
132020 (base 4) to base 15
888
-5583 (base 10) to base 13
-2706
Convert -8263 (base 14) to base 6.
-251503
35288 (base 10) to base 3
1210101222
Convert 82 (base 11) to base 7.
156
What is -3b6d (base 16) in base 10?
-15213
1430141 (base 5) to base 3
1112012211
What is -860 (base 15) in base 14?
-990
2333 (base 16) to base 11
6852
What is 20201 (base 3) in base 8?
265
447 (base 10) to base 6
2023
Convert -13113 (base 12) to base 8.
-62737
What is 11200 (base 4) in base 3?
111001
-3002313 (base 4) to base 10
-12471
Convert 25a3 (base 12) to base 2.
1000011001011
4164 (base 7) to base 9
2010
What is -101111111100 (base 2) in base 10?
-3068
1836 (base 15) to base 13
24c0
-1506 (base 7) to base 15
-299
What is -11344 (base 7) in base 8?
-5553
What is 7bc (base 13) in base 5?
20323
What is 10100101000 (base 2) in base 5?
20240
422322 (base 6) to base 5
2044000
What is 2222200211 (base 3) in base 7?
333340
11111000110 (base 2) to base 7
5542
What is 240 (base 10) in base 15?
110
193b (base 13) to base 7
13662
-7dc (base 14) to base 13
-936
What is 24707 (base 12) in base 4?
30003313
-15496 (base 13) to base 12
-1b421
-11b7 (base 16) to base 12
-275b
Convert 332 (base 4) to base 2.
111110
-1211200 (base 3) to base 6
-10113
Convert -3148 (base 9) to base 13.
-108b
-1011111100100 (base 2) to base 14
-232c
Convert -12200 (base 4) to base 3.
-120102
Convert -10284 (base 9) to base 6.
-51251
3200 (base 5) to base 7
1145
What is 1c3 (base 16) in base 2?
111000011
What is 105205 (base 6) in base 16?
22e5
Convert -10010101011 (base 2) to base 6.
-5311
Convert 5830 (base 13) to base 3.
121222101
What is -692c (base 16) in base 7?
-141332
What is -22a2 (base 14) in base 9?
-8231
Convert -1781 (base 11) to base 15.
-a12
What is -299 (base 10) in base 8?
-453
What is 534551 (base 6) in base 12?
21457
-6a (base 14) to base 13
-73
1775 (base 8) to base 2
1111111101
-b82 (base 15) to base 11
-1a51
314 (base 13) to base 6
2232
What is 1120431 (base 5) in base 10?
20116
Convert -22303110 (base 4) to base 14.
-121a4
Convert -260 (base 12) to base 10.
-360
Convert 1675 (base 16) to base 7.
22522
-19a3 (base 15) to base 2
-1010110110001
Convert -5c91 (base 13) to base 12.
-7723
Convert 240103 (base 5) to base 10.
8778
Convert -1022010021 (base 3) to base 11.
-18266
2504 (base 9) to base 7
5305
What is -116140 (base 7) in base 4?
-11031133
Convert 1112220 (base 3) to base 4.
101223
Convert 665 (base 8) to base 12.
305
Convert 3004 (base 6) to base 12.
464
What is -191 (base 14) in base 4?
-11003
What is -10000010110 (base 2) in base 13?
-626
Convert -414451 (base 7) to base 6.
-1305441
What is 2432 (base 5) in base 13?
223
-147274 (base 8) to base 16
-cebc
What is 3997 (base 10) in base 11?
3004
-132131 (base 4) to base 15
-89e
-1101210 (base 3) to base 7
-2655
Convert -41a3 (base 11) to base 16.
-15b6
Convert -19939 (base 14) to base 15.
-14387
-2aa2 (base 14) to base 13
-35bb
Convert -3505 (base 10) to base 15.
-108a
-1223 (base 5) to base 2
-10111100
210451 (base 6) to base 11
11876
Convert 10011101011000 (base 2) to base 9.
14731
What is -813 (base 9) in base 12?
-470
Convert 20120220 (base 3) to base 9.
6526
-8139 (base 10) to base 14
-2d75
-12a4 (base 14) to base 9
-4444
-101110111 (base 2) to base 13
-22b
Convert 111111001111 (base 2) to base 13.
1ac4
What is 5303 (base 12) in base 15?
2a50
Convert 13502 (base 9) to base 12.
536b
What is 4723 (base 16) in base 14?
68cb
3323 (base 5) to base 15
20d
Convert 212011 (base 3) to base 15.
2ba
-8271 (base 9) to base 13
-29b0
-3277 (base 8) to base 13
-a2b
Convert 70402 (base 8) to base 3.
1110200111
2378 (base 10) to base 8
4512
Convert -b3 (base 15) to base 10.
-168
3502 (base 6) to base 9
1122
Convert -27951 (base 10) to base 2.
-110110100101111
4939 (base 12) to base 3
102022200
What is 200120 (base 4) in base 10?
2072
Convert -36c (base 15) to base 7.
-2160
Convert 1245 (base 7) to base 13.
2a6
What is a47 (base 16) in base 7?
10446
-1100100100010101 (base 2) to base 6
-1034153
Convert 20210220 (base 3) to base 11.
3804
-6880 (base 11) to base 12
-5296
Convert -410210 (base 6) to base 13.
-11a24
-10430 (base 6) to base 15
-673
What is 521 (base 12) in base 10?
745
Convert 3235 (base 6) to base 13.
452
What is 11111 (base 5) in base 8?
1415
What is 30575 (base 8) in base 5?
401134
53334 (base 6) to base 11
54a9
-11cb2 (base 14) to base 5
-2344133
-2dd (base 15) to base 10
-658
Convert 1465 (base 12) to base 14.
c21
Convert -2231313 (base 5) to base 9.
-60261
233d (base 16) to base 11
6861
What is -180 (base 13) in base 2?
-100010001
-230 (base 11) to base 2
-100010011
What is 1011101011 (base 2) in base 9?
1020
Convert 2365 (base 7) to base 4.
31300
Convert -11011001110111 (base 2) to base 13.
-6467
Convert -32121 (base 6) to base 3.
-12222211
What is -11302210 (base 4) in base 11?
-16900
284 (base 14) to base 9
624
76 (base 9) to base 8
105
23113 (base 4) to base 16
2d7
-101011221 (base 3) to base 6
-54211
Convert -1201b (base 12) to base 10.
-24215
-8b1 (base 12) to base 6
-5541
2202002 (base 3) to base 13
bab
686 (base 10) to base 7
2000
What is -1551 (base 6) in base 3?
-120211
Convert -637 (base 10) to base 8.
-1175
-411 (base 9) to base 7
-655
Convert 11b (base 12) to base 15.
b2
What is 111011110 (base 2) in base 10?
478
221121 (base 3) to base 11
579
What is -22101 (base 3) in base 8?
-342
Convert -331131 (base 4) to base 2.
-111101011101
-395 (base 12) to base 13
-32c
Convert -8337 (base 9) to base 5.
-143414
-164615 (base 7) to base 2
-1000000001111011
Convert 6246 (base 7) to base 3.
10000010
What is 5c67 (base 14) in base 5?
1004123
5500 (base 8) to base 14
109a
f667 (base 16) to base 5
4004304
Convert -18c6 (base 13) to base 3.
-12002110
What is -1021 (base 7) in base 16?
-166
243110 (base 7) to base 10
44303
What is -15031 (base 7) in base 8?
-10052
What is -223 (base 11) in base 8?
-413
-28a4 (base 11) to base 6
-25200
240012 (base 7) to base 12
21023
Convert -120002 (base 3) to base 2.
-110010111
17405 (base 8) to base 5
223231
5020 (base 10) to base 9
6787
3414 (base 6) to base 16
322
16266 (base 8) to base 12
4306
What is 634 (base 7) in base 10?
319
Convert -6420 (base 15) to base 13.
-9843
10113221 (ba